Is 29123 a prime number?
True
Is 1397 a composite number?
True
Is 939971 a prime number?
True
Is 67615 a prime number?
False
Is 237637 a composite number?
True
Is 919 prime?
True
Is 583 a prime number?
False
Is 4521362 composite?
True
Is 26153 a prime number?
True
Is 86501 a prime number?
True
Is 189947 composite?
False
Is 9803 a prime number?
True
Is 993521 a prime number?
False
Is 369283 prime?
True
Is 283079 a composite number?
False
Is 16559 prime?
False
Is 75479 a composite number?
False
Is 333769 a prime number?
True
Is 1444387 a composite number?
True
Is 284379 composite?
True
Is 90223 prime?
False
Is 13901 a prime number?
True
Is 4005527 a prime number?
True
Is 810947 prime?
False
Is 5873 a prime number?
False
Is 16493 prime?
True
Is 6121 prime?
True
Is 2777 composite?
False
Is 26233 prime?
False
Is 690343 a prime number?
False
Is 685777 composite?
True
Is 3833 prime?
True
Is 25945 prime?
False
Is 36973 prime?
True
Is 6238 a prime number?
False
Is 1099529 prime?
False
Is 214265 composite?
True
Is 23185 a composite number?
True
Is 318853 prime?
False
Is 10029 a prime number?
False
Is 791767 a composite number?
True
Is 9977 a composite number?
True
Is 57571 composite?
False
Is 8453 a prime number?
False
Is 95783 a prime number?
True
Is 1352389 a composite number?
False
Is 20857 composite?
False
Is 2323123 a composite number?
True
Is 187149 composite?
True
Is 10483 a composite number?
True
Is 33329 prime?
True
Is 75367 a composite number?
False
Is 571219 prime?
False
Is 16417 a prime number?
True
Is 58363 a composite number?
False
Is 346991 a composite number?
True
Is 82163 a composite number?
False
Is 335129 a composite number?
True
Is 215011 prime?
False
Is 7411 a composite number?
False
Is 8573 a composite number?
False
Is 88273 composite?
True
Is 2939 a prime number?
True
Is 70097 composite?
True
Is 1535 a composite number?
True
Is 111713 prime?
False
Is 2204411 a composite number?
True
Is 6389 a prime number?
True
Is 1931 a composite number?
False
Is 43531 a composite number?
True
Is 4049 a prime number?
True
Is 1151209 composite?
False
Is 255079 a composite number?
True
Is 18119 composite?
False
Is 40813 a composite number?
False
Is 89477 composite?
False
Is 22691 a prime number?
True
Is 4229 prime?
True
Is 955 a prime number?
False
Is 25057 a prime number?
True
Is 7507 a composite number?
False
Is 8147 prime?
True
Is 60757 a composite number?
False
Is 3683 prime?
False
Is 66277 a composite number?
True
Is 209767 composite?
False
Is 17665 composite?
True
Is 86501 a composite number?
False
Is 87113 composite?
True
Is 7499 a prime number?
True
Is 44449 a composite number?
False
Is 7039 composite?
False
Is 282859 prime?
False
Is 2754907 composite?
False
Is 303859 a composite number?
False
Is 102347 composite?
True
Is 30577 composite?
False
Is 41161 a prime number?
True
Is 1491079 composite?
False
Is 2491 a composite number?
True
Is 179763 a composite number?
True
Is 28511 a composite number?
True
Is 30443 prime?
False
Is 41165 prime?
False
Is 105701 prime?
True
Is 815987 composite?
True
Is 14971 composite?
True
Is 11513 a composite number?
True
Is 35051 a composite number?
False
Is 563071 a composite number?
True
Is 512311 prime?
True
Is 34401 composite?
True
Is 98497 a composite number?
True
Is 9893 a composite number?
True
Is 989545 prime?
False
Is 5637 composite?
True
Is 4573 composite?
True
Is 1011 prime?
False
Is 1893 a prime number?
False
Is 6823 a prime number?
True
Is 214039 a prime number?
False
Is 78469 prime?
False
Is 17693 composite?
True
Is 1847 a prime number?
True
Is 15493 a composite number?
False
Is 2081 a prime number?
True
Is 305341 a composite number?
True
Is 2203 a composite number?
False
Is 1577755 a composite number?
True
Is 14281 prime?
True
Is 7355 a prime number?
False
Is 5459 a composite number?
True
Is 50195 composite?
True
Is 18539 composite?
False
Is 7219 a prime number?
True
Is 7151 a prime number?
True
Is 48569 a prime number?
False
Is 136351 a prime number?
True
Is 10111 prime?
True
Is 22267 composite?
True
Is 6787 composite?
True
Is 4783 a prime number?
True
Is 67055 a composite number?
True
Is 1133 composite?
True
Is 65867 composite?
False
Is 23719 prime?
True
Is 17369 a composite number?
True
Is 215063 composite?
False
Is 16295 prime?
False
Is 2899483 a prime number?
True
Is 94495 composite?
True
Is 322618 composite?
True
Is 335539 a composite number?
False
Is 15746 prime?
False
Is 11474 a composite number?
True
Is 138559 composite?
False
Is 11143 a prime number?
False
Is 1487435 a prime number?
False
Is 1623 composite?
True
Is 196607 a composite number?
True
Is 1390555 prime?
False
Is 82541 composite?
True
Is 378629 prime?
True
Is 42569 prime?
True
Is 23857 a prime number?
True
Is 310273 composite?
False
Is 7771 a composite number?
True
Is 72109 composite?
False
Is 571397 composite?
False
Is 287219 a prime number?
True
Is 449579 composite?
True
Is 217271 prime?
True
Is 11959 a prime number?
True
Is 1492381 a prime number?
False
Is 307337 prime?
True
Is 4753231 composite?
True
Is 9055 a composite number?
True
Is 80621 a composite number?
False
Is 124669 prime?
True
Is 45049 prime?
False
Is 481721 composite?
False
Is 10513 composite?
False
Is 55049 prime?
True
Is 1558847 a composite number?
True
Is 40723 composite?
True
Is 14141 prime?
False
Is 1094939 prime?
True
Is 359481 a prime number?
False
Is 9489 a prime number?
False
Is 255979 a prime number?
False
Is 787 prime?
True
Is 724751 prime?
True
Is 19373 a prime number?
True
Is 25931 a composite number?
False
Is 10111 a prime number?
True
Is 7477 prime?
True
Is 29123 a composite number?
False
Is 38345 a composite number?
True
Is 57731 a prime number?
True
Is 433997 a composite number?
True
Is 146141 prime?
True
Is 43661 a composite number?
False
Is 14867 composite?
False
Is 8033 prime?
False
Is 16243 prime?
False
Is 16921 a composite number?
False
Is 22343 a composite number?
False
Is 91731 a prime number?
False
Is 4955 composite?
True
Is 781733 a composite number?
False
Is 111893 prime?
True
Is 40889 a composite number?
True
Is 13499 composite?
False
Is 1495253 a prime number?
False
Is 32541 a composite number?
True
Is 602449 prime?
False
Is 2999 prime?
True
Is 87869 a prime number?
True
Is 205189 prime?
False
Is 16781 a prime number?
False
Is 119027 composite?
False
Is 957701 a prime number?
True
Is 24019 prime?
True
Is 299599 a composite number?
True
Is 194657 composite?
True
Is 236503 prime?
True
Is 98251 a prime number?
True
Is 93407 composite?
False
Is 1561 prime?
False
Is 606721 a prime number?
True
Is 4493 prime?
True
Is 7937 a composite number?
False
Is 447859 a prime number?
True
Is 14971 a prime number?
False
Is 9593 prime?
False
Is 8779 a prime number?
True
Is 52223 a composite number?
False
Is 89449 composite?
False
Is 6743 a composite number?
True
Is 77 a composite number?
True
Is 3299 a composite number?
False
Is 14353 composite?
True
Is 21077 composite?
True
Is 3870773 prime?
True
Is 673 prime?
True
Is 5563 prime?
True
Is 67211 composite?
False
Is 35539 prime?
False
Is 726983 a composite number?
False
Is 221311 prime?
True
Is 422621 prime?
True
Is 15857 a composite number?
True
Is 158333 a composite number?
True
Is 2479 prime?
False
Is 423977 composite?
False
Is 123853 a prime number?
True
Is 37493 composite?
False
Is 216023 a prime number?
True
Is 7283 a prime number?
True
Is 95389 composite?
True
Is 4367 composite?
True
Is 89951 a prime number?
False
Is 10487 composite?
False
Is 144922 composite?
True
Is 118829 prime?
False
Is 249563 a composite number?
False
Is 5077 a prime number?
True
Is 165058 prime?
False
Is 27409 composite?
False
Is 16603 composite?
False
Is 28201 prime?
True
Is 465097 composite?
True
Is 144511 a prime number?
True
Is 56569 prime?
True
Is 12319 a composite number?
True
Is 10687 a composite number?
False
Is 251051 a prime number?
True
Is 167197 composite?
False
Is 273457 prime?
True
Is 3217307 composite?
False
Is 92297 a prime number?
True
Is 1277 prime?
True
Is 30379 composite?
True
Is 76763 a prime number?
False
Is 1774273 a composite number?
True
Is 732373 a prime number?
True
Is 55749 a prime number?
False
Is 48727 a prime number?
False
Is 42503 composite?
True
Is 294311 prime?
True
Is 367943 a composi